- 3) + (-3 - -3) + 1.
-1
What is the value of 1 - ((-1 - -2) + 2 + 2)?
-4
(0 - 10) + (109 - 106)
-7
Calculate 0 - -11 - (79 + -63).
-5
What is 3 + (3 - 4) + 1 + -9?
-6
Calculate (9 + -9 - 4) + 0.
-4
What is the value of -1 - ((-3 - 0) + 0 + 7)?
-5
What is the value of 11 - (8 - (6 + -1))?
8
Calculate 6 + -11 + 1 - -8.
4
Calculate (9 - 1 - 6 - 7) + 6.
1
Calculate -8 + 4 + -1 - (-5 - -2).
-2
What is the value of -1 + 5 + 1 + 0?
5
What is 0 + (1 - -4 - 10)?
-5
Evaluate 1 - (-4 - (-8 - 0)).
-3
What is the value of 2 - (3 - ((7 - 4) + 1))?
3
Evaluate 2 - (3 + (1 - 2)).
0
What is 9 - 7 - (-1 - -6)?
-3
-10 + 3 - -11 - 4
0
Calculate 0 + (3 + 0 - 4).
-1
What is the value of -7 - (1 - (3 + 11))?
6
Calculate 2 + -5 - ((1 - -1) + -5).
0
What is -16 - (7 + -7 - 9)?
-7
Evaluate -9 - (-3 - 2 - 0).
-4
Evaluate 3 - (-10 + (15 - 8)).
6
What is the value of 5 + (-8 - -7 - 8)?
-4
Calculate (-8 + 16 - 15) + -1 + 2.
-6
What is the value of -1 + (-2 - -5 - (0 + 1))?
1
What is the value of -11 - (-1 - (-7 + 18))?
1
What is the value of -8 + 7 + -7 + 10 + -7?
-5
Evaluate -5 + 8 - (-1 - -8).
-4
What is the value of -6 - (-4 + (3 - 7))?
2
-3 - (3 + (-3 - (-3 + 2)))
-4
What is 6 + (-7 - -7 - 6)?
0
Calculate -3 - -1 - -8 - 4.
2
Evaluate 4 + 6 + (-4 - (0 - -1)).
5
What is the value of 9 + -8 + -4 + -4?
-7
What is the value of 3 - (2 - (-6 + (0 - -2)))?
-3
(1 - 0) + -10 - (86 + -91)
-4
What is the value of (-5 - -5 - 11) + 19?
8
What is (-4 - 0) + (2 - -1)?
-1
-2 + (6 - 2) + 1 + -5
-2
Evaluate 7 + (4 - 15) - -7.
3
Evaluate -24 + 14 + (2 - 0).
-8
Calculate -4 - (-1 - 1 - (0 - -6)).
4
What is 1 - (3 - (0 - -2) - -2)?
-2
What is -5 - -2 - (1 + -2 - 5)?
3
What is (-1 - 2) + 86 + -74?
9
-9 + 1 + 11 + 0
3
Calculate -2 + -4 + 3 - (-2 + 2).
-3
Evaluate -2 + (-2 - 2) + 4.
-2
(-3 - (-2 + 3)) + 5 + -3
-2
Evaluate 1 + 3 - (2 + -6 - -9).
-1
17 - 15 - (2 + 1)
-1
Calculate 0 - (0 - 4) - (-1 - -5).
0
Evaluate (-1 - (3 + -4)) + 0.
0
Evaluate 6 + 0 + -4 - 4 - -2.
0
Evaluate -3 + -1 - (-33 - (-21 + 2)).
10
Calculate 3 - (-2 - (1 + -9)).
-3
Evaluate -2 + (1 - 0) + -12 + 15.
2
What is the value of (34 - 40) + 1 + 0?
-5
What is the value of -10 + 1 - (-8 - 0)?
-1
What is 3 + 10 + -13 - (1 + 0)?
-1
Evaluate -1 - (6 + -7 + 2).
-2
What is -4 + 0 - (-6 - 1) - 2?
1
What is -12 + -7 + 8 + 4?
-7
Evaluate 3 + (2 - 9 - -1).
-3
Evaluate -8 + (-1 - 5) + -45 + 51.
-8
(6 - 2) + 4 + -6
2
2 + 2 + -5 + 2
1
What is 97 - 88 - (12 - 0)?
-3
What is (3 - (-1 - 3) - -4) + -5?
6
Calculate (7 - 6 - 1) + -4.
-4
Evaluate 1 - (1 - (2 - 5) - 2).
-1
-9 + 6 + (14 - 6)
5
Evaluate 5 + -5 + (-1 - 4 - -1).
-4
What is (-6 - (2 + 5)) + 2 - -7?
-4
-4 - ((0 - (0 + 4)) + 5)
-5
0 + 4 + (10 - 12) - 4
-2
What is (-1 - -4) + (9 - 8)?
4
What is the value of 7 + -4 + 3 - 5?
1
What is (-5 - -2) + 5 - -2?
4
3 + (-6 - -4 - -2)
3
0 + 7 + -4 + 5
8
What is -4 + (3 - (7 - 12))?
4
-10 + -2 + 0 + 10
-2
Evaluate (-8 - (-5 + 11 + -5)) + 4.
-5
Evaluate -7 - -4 - (3 + -2).
-4
4 + 2 + -10 - -7
3
Calculate 4 + (-4 - (1 - -1)).
-2
(63 - 62) + (-2 - 0) + 0
-1
What is -5 - -1 - (147 - 154)?
3
-10 - -1 - 0 - -4
-5
-1 + 11 + 2 + -9
3
Evaluate -9 - 0 - (-18 + 10).
-1
Calculate 2 + 3 + -3 + -5 + 5.
2
What is -13 - (2 - 7 - 1)?
-7
What is -35 + 31 + (1 + -1 - -9)?
5
Calculate 4 + -1 - (-1 + -1).
5
Calculate 0 + -2 + (-1 - 1) - -3.
-1
What is the value of -4 + 4 + -1 - (3 - 9)?
5
Evaluate -3 - (-2 + 2) - (1 + -1).
-3
Evaluate -1 + -3 + 7 - 2.
1
What is 7 - 0 - (12 + -3)?
-2
Calculate 2 + -9 + -2 + 3 - -2.
-4
What is -6 + 0 + 3 - (-1 + -4)?
2
What is the value of -18 + (13 - 1 - 2)?
-8
What is the value of -8 + -7 + 17 + (-6 - -1)?
-3
Calculate -4 + 1 + 13 - 8.
2
Calculate (3 - (-3 + 4)) + -5.
-3
-9 + 4 + 4 - 4
-5
What is the value of 3 - (2 - (2 - 3) - 3)?
3
What is (3 - (0 + 2)) + -2 + 2?
1
What is 0 - (-5 - (8 - 6))?
7
-3 - (1 - 0) - -4 - 5
-5
(2 - 15) + (-2 - -9)
-6
What is the value of 2 + 1 - (-174 - -167)?
10
Calculate 0 + (3 + 2 - -1 - 4).
2
37 + -31 + -1 + -10
-5
8 + (-9 - -6) - 10
-5
(-3 - -2) + (10 - (-11 - -12))
8
What is the value of -5 - (-1 + (6 + -4 - 3))?
-3
Evaluate (16 - (2 - -5)) + -14.
-5
What is the value of 5 + 1 + 11 + -11?
6
6 + (-10 - -4) - -5 - 1
4
What is -5 - -13 - (5 - 2) - 13?
-8
What is -14 + (-4 - (8 - 20))?
-6
Calculate 0 + 2 + -4 + (-2 - -3).
-1
Calculate -4 + (-2 - -5 - -1).
0
Calculate 2 - (-2 - (4 - 3)).
5
Evaluate (1 - -1) + 5 + -6 + 1.
2
Evaluate 2 + -7 + (14 - 11).
-2
Calculate 1 + 4 + -3 - (7 + -4).
-1
What is 12 - 27 - (-13 - -5)?
-7
Evaluate (14 - -4 - 18) + (-9 - -1).
-8
Evaluate 1 + 1 + (-5 - (-1 - -2)).
-4
Evaluate 4 + 1 + -8 - (4 - 10).
3
Calculate (-6 - -12) + -12 + 2.
-4
Evaluate 4 + -7 + -2 + 4.
-1
Evaluate (-1 - -8) + (-1 - 3) + 0.
3
Calculate (7 - 9) + -2 + 6.
2
What is (3 - 10) + 16 + -9 - 1?
-1
-2 + 1 + (9 - 11)
-3
What is 1 + (-3 - (8 + -15))?
5
What is the value of -2 + (4 - (4 - (4 - 1)))?
1
20 + -25 - (2 + -9)
2
Evaluate 7 + 0 + -7 + -4.
-4
1 - ((-8 - -12) + -7)
4
(-1 - (-3 + 1)) + (-59 - -57)
-1
What is the value of 1 + 1 + 13 + -20?
-5
What is the value of -2 - (-4 + 6) - -5?
1
Evaluate 0 + -2 + (2 - 4).
-4
121 + -113 - (6 - 1)
3
Evaluate -3 - (-5 + (1 - 1)).
2
Calculate (-8 - 0 - -11) + -4 - -3.
2
3 + -5 + 0 + (1 - -6)
5
Calculate (-2 - (-3 + 2 + -2)) + 0.
1
Evaluate 1 + (3 - (-3 - -5 - 1)).
3
-3 + 1 + 5 - (-6 - -9)
0
Calculate (13 - (8 + -5)) + -4 + 3.
9
Evaluate 2 + (-9 - (-10 - -1)).
2
-8 + 2 - (-6 - 1)
1
4 + (7 - (14 + 3)) + 4
-2
Evaluate -14 + 8 + -7 + 7.
-6
Calculate (-2 - (-6 - -1 - -3)) + 4.
4
What is the value of -1 - -3 - (-8 + 10)?
0
Calculate 1 + 0 + (-2 - -4 - -1).
4
-5 + -6 + (-1 - -2)
-10
-2 + -7 - 1 - -7 - -2
-1
What is 0 - (-1 + (6 - 3))?
-2
4 + -6 + 0 + (1 - -3)
2
Evaluate (0 - 3) + (-2 - (16 + -15)).
-6
What is the value of -7 - ((-7 - -4) + (-4 - -5))?
-5
3 - -1 - (-4 + 11)
-3
Evaluate (3 - 2) + (-2 - -4).
3
What is (-162 - -167) + (-1 - -1 - -1)?
6
Evaluate -2 - (9 + 5 + -17).
1
What is the value of 0 + 2 - (3 + 2)?
-3
What is 5 + -3 - (14 - 9)?
-3
Evaluate (1 - 1) + 3 + -4 + 3.
2
What is (3 - 7) + 10 + (0 - 3)?
3
Evaluate 26 + -24 + 1 + -1.
2
Calculate 0 + 9 + 6 + -14.
1
What is -2 + (8 - 6) + -4 + 2?
-2
What is 1 - 1 - 2 - -3?
1
What is the value of 0 + (-1 - (0 - 1) - -3)?
3
What is (1 + 1 - (1 - 0)) + 3?
4
What is (-16 - -12) + (-1 - 0) - -8?
3
-1 - -4 - (-9 - (-9 - -7))
10
What is the value of 0 - (3 - (2 + 2))?
1
What is the value of 1 + 1 + 2 + -2 + 3?
5
What is the value of 6 + 4 + -1 + 0 + -4?
5
Calculate 14 + 7 + -10 - 9.
2
What is the value of (0 + 5 - 3) + 2 - 4?
0
What is (2 - -8) + 14 + -25?
-1
4 + 0 + 0 + -6
-2
Calculate 13 - 6 - (5 + -1).
3
What is (10 - 10) + 0 + -1?
-1
Calculate (-1 - 6) + 16 + -5 + -2.
2
4 + 2 + 2 + -6
2
Calculate -2 + (5 - 2) + 2 - 3.
0
What is 4 - (5 - 2) - (7 - 4)?
-2
What is the value of (3 + -1 - 0) + (-17 - -10)?
-5
What is the value of 3 + -3 + 0 - (1 + 1)?
-2
What is -3 - ((-6 - 1) + 0)?
4
Calculate ((-2 - -2) + 7 - 1) + 0.
6
Evaluate (13 - 10) + (0 + -2 - 3).
-2
What is the value of 2 + 2 + -3 + 3?
4
What is (-1 - -3) + (5 - 4) - 1?
2
-1 + (0 - -3 - 3) - -2
1
Evaluate (1 - -3) + (1 - (-4 + 6)).
3
Evaluate 1 + 4 - 3 - (-2 - 0).
4
Calculate (11 - 9) + (5 - 2).
5
Evaluate -13 + (-10 - -17) - -7.
1
-3 - (-3 - (0 - -2 - 0))
2
Evaluate 0 - (4 - (-2 - -3)).
-3
0 - -2 - (-1 - -7)
-4
What is the value of -13 + 7 + -5 + 13?
2
Evaluate -14 - -15 - ((0 - 2) + 1).
2
Calculate 6 - 2 - (8 - 1).
-3
3 + (-2 - 2) - -6
5
Evaluate -9 + (-4 - -5) + 4.
-4
Evaluate -2 + (2 - (0 - 0)) - -2.
2
What is 2 - (-8 + 8 - 3)?
5
What is the value of -5 - -5 - (4 - 4)?
0
What is the value of 2 + 2 + (-4 - -1)?
1
What is the value of -12 - (12 + -14) - (-5 - -1)?
-6
What is 5 + 5 + -5 + (1 - 2)?
4
0 + 2 + (-7 - 1) + 5
-1
What is 13 + -3 + 1 + -14?
-3
Evaluate 8 + 4 + -10 + -5 + 1.
-2
What is 5 - (9 + -7 + -3)?
6
What is 2 - ((-1 - -7 - -1) + -1)?
-4
Calculate 2 - 8 - (25 + -25).
-6
7 + -3 - 10 - -5
-1
6 + (-11 - -7) + (3 - 0)
5
Evaluate -11 + 36 + -14 - 15.
-4
-11 + (-4 - -11) + 0 + 3
-1
-6 + (3 + -7 - -6) - -9
5
Evaluate -7 - (-2 + 2 + -6) - -4.
3
Calculate (7 - 3) + 3 + (1 - 3).
5
What is 0 + (6 - 2) + 1?
5
-5 - 3 - (-5 + -9)
6
Calculate -1 + 4 + -14 + 2 + 4.
-5
What is -5 - (-1 - -2 - (-5 - -6))?
-5
(-6 + 1 - (2 - 4)) + -1
-4
What is -1 + -1 + (9 - 10)?
-3
What is 